{"id":29,"date":"2025-03-14T10:47:18","date_gmt":"2025-03-14T09:47:18","guid":{"rendered":"https:\/\/www.pesarourbino.com\/?page_id=29"},"modified":"2025-07-09T07:54:08","modified_gmt":"2025-07-09T05:54:08","slug":"arte-e-natura","status":"publish","type":"page","link":"https:\/\/www.pesarourbino.com\/?page_id=29","title":{"rendered":"Arte e Natura"},"content":{"rendered":"\n<p>Le visite guidate si effettuano su prenotazione tutti i giorni feriali e festivi, con orario da concordare.<\/p>\n\n\n\n<p><strong>1 &#8211; Le pietre raccontano<\/strong><br>Itinerario: Fossombrone e Gola del Furlo<\/p>\n\n\n\n<p>Un itinerario che permetter\u00e0 al visitatore di apprezzare le bellezze storico-artistiche di Fossombrone, una delle citt\u00e0 d&#8217;arte pi\u00f9 interessanti dell&#8217;entroterra e quelle di una delle riserve naturali pi\u00f9 suggestive della regione: la Gola del Furlo. Oltre ad essere stato un punto strategico per il controllo della via consolare Flaminia, la Gola del Furlo ha sempre colpito l&#8217;immaginazione dei viaggiatori di ogni tempo ed ancora oggi questo canyon naturale \u00e8 immerso in una magica atmosfera. La Gola custodisce preziose testimonianze archeologiche (Galleria di Vespasiano, viadotto romano, sostruzioni) ed architettoniche (Abbazia di San Vincenzo).<\/p>\n\n\n\n<p>Durata del percorso: 4 ore circa (mattina e pomeriggio)<\/p>\n\n\n\n<p><strong>Tariffe (si prega di contattare i recapiti indicati)<\/strong><br>\u2026\u2026\u2026\u2026\u2026\u2026\u2026\u2026\u2026\u2026\u2026\u2026\u2026\u2026\u2026\u2026\u2026\u2026\u2026\u2026\u2026\u2026\u2026\u2026\u2026\u2026\u2026\u2026\u2026\u2026..<\/p>\n\n\n\n<p><strong>2 &#8211; Terre di Focara<\/strong><br>Itinerario: Pesaro e Parco San Bartolo<\/p>\n\n\n\n<p>A ridosso della citt\u00e0 di Pesaro si erge il Monte San Bartolo che si affaccia direttamente sul mare. All&#8217;interno del parco sorgono dei piccoli e suggestivi centri abitati ricchi di storia e storie da raccontare come Casteldimezzo o Fiorenzuola di Focara, citata da Dante nella Divina Commedia, dai quali si gode un panorama unico. L&#8217;itinerario parte da Pesaro, di cui si visiter\u00e0 il bel centro storico, per andare poi alla scoperta dei borghi e degli scorci suggestivi del Parco San Bartolo.<\/p>\n\n\n\n<p>Durata del percorso: 5 ore circa (mattina e pomeriggio)<\/p>\n\n\n\n<p><strong>Tariffe (si prega di contattare i recapiti indicati)<\/strong><br>\u2026\u2026\u2026\u2026\u2026\u2026\u2026\u2026\u2026\u2026\u2026\u2026\u2026\u2026\u2026\u2026\u2026\u2026\u2026\u2026\u2026\u2026\u2026\u2026\u2026\u2026\u2026\u2026\u2026\u2026..<\/p>\n\n\n\n<p><strong>3 &#8211; L&#8217;Alta Valle del Metauro<\/strong><br>Itinerario: Urbania, Sant&#8217;Angelo in Vado, Mercatello sul Metauro, Borgo Pace<\/p>\n\n\n\n<p>Un itinerario che risale il fiume Metauro per visitare alcuni piccoli borghi di grande suggestione dell&#8217;entroterra. Si partir\u00e0 da Urbania, con il curioso Cimitero delle Mummie, per raggiungere Sant&#8217;Angelo in Vado, celebre per i bellissimi mosaici della Domus del Mito, si prosegue con la visita del borgo medievale di Mercatello sul Metauro per terminare a Borgo Pace e scoprire il luogo magico in cui nasce il fiume Metauro.<\/p>\n\n\n\n<p>Durata del percorso: 5 ore ore circa (mattina e pomeriggio)<\/p>\n\n\n\n<p><strong>Tariffe (si prega di contattare i recapiti indicati)<\/strong><\/p>\n","protected":false},"excerpt":{"rendered":"<p>Le visite guidate si effettuano su prenotazione tutti i giorni feriali e festivi, con orario da concordare. 1 &#8211; Le pietre raccontanoItinerario: Fossombrone e Gola&hellip;<\/p>\n","protected":false},"author":1,"featured_media":0,"parent":0,"menu_order":0,"comment_status":"closed","ping_status":"closed","template":"","meta":{"footnotes":""},"class_list":["post-29","page","type-page","status-publish","hentry"],"yoast_head":"<!-- This site is optimized with the Yoast SEO plugin v27.4 - https:\/\/yoast.com\/product\/yoast-seo-wordpress\/ -->\r\n<title>Arte e Natura - Pesarourbino.com<\/title>\r\n<meta name=\"robots\" content=\"index, follow, max-snippet:-1, max-image-preview:large, max-video-preview:-1\" \/>\r\n<link rel=\"canonical\" href=\"https:\/\/www.pesarourbino.com\/?page_id=29\" \/>\r\n<meta property=\"og:locale\" content=\"it_IT\" \/>\r\n<meta property=\"og:type\" content=\"article\" \/>\r\n<meta property=\"og:title\" content=\"Arte e Natura - Pesarourbino.com\" \/>\r\n<meta property=\"og:description\" content=\"Le visite guidate si effettuano su prenotazione tutti i giorni feriali e festivi, con orario da concordare. 1 &#8211; Le pietre raccontanoItinerario: Fossombrone e Gola&hellip;\" \/>\r\n<meta property=\"og:url\" content=\"https:\/\/www.pesarourbino.com\/?page_id=29\" \/>\r\n<meta property=\"og:site_name\" content=\"Pesarourbino.com\" \/>\r\n<meta property=\"article:modified_time\" content=\"2025-07-09T05:54:08+00:00\" \/>\r\n<meta name=\"twitter:card\" content=\"summary_large_image\" \/>\r\n<meta name=\"twitter:label1\" content=\"Tempo di lettura stimato\" \/>\n\t<meta name=\"twitter:data1\" content=\"2 minuti\" \/>\r\n<script type=\"application\/ld+json\" class=\"yoast-schema-graph\">{\"@context\":\"https:\\\/\\\/schema.org\",\"@graph\":[{\"@type\":\"WebPage\",\"@id\":\"https:\\\/\\\/www.pesarourbino.com\\\/?page_id=29\",\"url\":\"https:\\\/\\\/www.pesarourbino.com\\\/?page_id=29\",\"name\":\"Arte e Natura - Pesarourbino.com\",\"isPartOf\":{\"@id\":\"https:\\\/\\\/www.pesarourbino.com\\\/#website\"},\"datePublished\":\"2025-03-14T09:47:18+00:00\",\"dateModified\":\"2025-07-09T05:54:08+00:00\",\"breadcrumb\":{\"@id\":\"https:\\\/\\\/www.pesarourbino.com\\\/?page_id=29#breadcrumb\"},\"inLanguage\":\"it-IT\",\"potentialAction\":[{\"@type\":\"ReadAction\",\"target\":[\"https:\\\/\\\/www.pesarourbino.com\\\/?page_id=29\"]}]},{\"@type\":\"BreadcrumbList\",\"@id\":\"https:\\\/\\\/www.pesarourbino.com\\\/?page_id=29#breadcrumb\",\"itemListElement\":[{\"@type\":\"ListItem\",\"position\":1,\"name\":\"Home\",\"item\":\"https:\\\/\\\/www.pesarourbino.com\\\/\"},{\"@type\":\"ListItem\",\"position\":2,\"name\":\"Arte e Natura\"}]},{\"@type\":\"WebSite\",\"@id\":\"https:\\\/\\\/www.pesarourbino.com\\\/#website\",\"url\":\"https:\\\/\\\/www.pesarourbino.com\\\/\",\"name\":\"Pesarourbino.com\",\"description\":\"\",\"publisher\":{\"@id\":\"https:\\\/\\\/www.pesarourbino.com\\\/#organization\"},\"potentialAction\":[{\"@type\":\"SearchAction\",\"target\":{\"@type\":\"EntryPoint\",\"urlTemplate\":\"https:\\\/\\\/www.pesarourbino.com\\\/?s={search_term_string}\"},\"query-input\":{\"@type\":\"PropertyValueSpecification\",\"valueRequired\":true,\"valueName\":\"search_term_string\"}}],\"inLanguage\":\"it-IT\"},{\"@type\":\"Organization\",\"@id\":\"https:\\\/\\\/www.pesarourbino.com\\\/#organization\",\"name\":\"Pesarourbino.com\",\"url\":\"https:\\\/\\\/www.pesarourbino.com\\\/\",\"logo\":{\"@type\":\"ImageObject\",\"inLanguage\":\"it-IT\",\"@id\":\"https:\\\/\\\/www.pesarourbino.com\\\/#\\\/schema\\\/logo\\\/image\\\/\",\"url\":\"https:\\\/\\\/www.pesarourbino.com\\\/wp-content\\\/uploads\\\/2025\\\/03\\\/cropped-logo-1.jpg\",\"contentUrl\":\"https:\\\/\\\/www.pesarourbino.com\\\/wp-content\\\/uploads\\\/2025\\\/03\\\/cropped-logo-1.jpg\",\"width\":721,\"height\":351,\"caption\":\"Pesarourbino.com\"},\"image\":{\"@id\":\"https:\\\/\\\/www.pesarourbino.com\\\/#\\\/schema\\\/logo\\\/image\\\/\"}}]}<\/script>\r\n<!-- \/ Yoast SEO plugin. -->","yoast_head_json":{"title":"Arte e Natura - Pesarourbino.com","robots":{"index":"index","follow":"follow","max-snippet":"max-snippet:-1","max-image-preview":"max-image-preview:large","max-video-preview":"max-video-preview:-1"},"canonical":"https:\/\/www.pesarourbino.com\/?page_id=29","og_locale":"it_IT","og_type":"article","og_title":"Arte e Natura - Pesarourbino.com","og_description":"Le visite guidate si effettuano su prenotazione tutti i giorni feriali e festivi, con orario da concordare. 1 &#8211; Le pietre raccontanoItinerario: Fossombrone e Gola&hellip;","og_url":"https:\/\/www.pesarourbino.com\/?page_id=29","og_site_name":"Pesarourbino.com","article_modified_time":"2025-07-09T05:54:08+00:00","twitter_card":"summary_large_image","twitter_misc":{"Tempo di lettura stimato":"2 minuti"},"schema":{"@context":"https:\/\/schema.org","@graph":[{"@type":"WebPage","@id":"https:\/\/www.pesarourbino.com\/?page_id=29","url":"https:\/\/www.pesarourbino.com\/?page_id=29","name":"Arte e Natura - Pesarourbino.com","isPartOf":{"@id":"https:\/\/www.pesarourbino.com\/#website"},"datePublished":"2025-03-14T09:47:18+00:00","dateModified":"2025-07-09T05:54:08+00:00","breadcrumb":{"@id":"https:\/\/www.pesarourbino.com\/?page_id=29#breadcrumb"},"inLanguage":"it-IT","potentialAction":[{"@type":"ReadAction","target":["https:\/\/www.pesarourbino.com\/?page_id=29"]}]},{"@type":"BreadcrumbList","@id":"https:\/\/www.pesarourbino.com\/?page_id=29#breadcrumb","itemListElement":[{"@type":"ListItem","position":1,"name":"Home","item":"https:\/\/www.pesarourbino.com\/"},{"@type":"ListItem","position":2,"name":"Arte e Natura"}]},{"@type":"WebSite","@id":"https:\/\/www.pesarourbino.com\/#website","url":"https:\/\/www.pesarourbino.com\/","name":"Pesarourbino.com","description":"","publisher":{"@id":"https:\/\/www.pesarourbino.com\/#organization"},"potentialAction":[{"@type":"SearchAction","target":{"@type":"EntryPoint","urlTemplate":"https:\/\/www.pesarourbino.com\/?s={search_term_string}"},"query-input":{"@type":"PropertyValueSpecification","valueRequired":true,"valueName":"search_term_string"}}],"inLanguage":"it-IT"},{"@type":"Organization","@id":"https:\/\/www.pesarourbino.com\/#organization","name":"Pesarourbino.com","url":"https:\/\/www.pesarourbino.com\/","logo":{"@type":"ImageObject","inLanguage":"it-IT","@id":"https:\/\/www.pesarourbino.com\/#\/schema\/logo\/image\/","url":"https:\/\/www.pesarourbino.com\/wp-content\/uploads\/2025\/03\/cropped-logo-1.jpg","contentUrl":"https:\/\/www.pesarourbino.com\/wp-content\/uploads\/2025\/03\/cropped-logo-1.jpg","width":721,"height":351,"caption":"Pesarourbino.com"},"image":{"@id":"https:\/\/www.pesarourbino.com\/#\/schema\/logo\/image\/"}}]}},"_links":{"self":[{"href":"https:\/\/www.pesarourbino.com\/index.php?rest_route=\/wp\/v2\/pages\/29","targetHints":{"allow":["GET"]}}],"collection":[{"href":"https:\/\/www.pesarourbino.com\/index.php?rest_route=\/wp\/v2\/pages"}],"about":[{"href":"https:\/\/www.pesarourbino.com\/index.php?rest_route=\/wp\/v2\/types\/page"}],"author":[{"embeddable":true,"href":"https:\/\/www.pesarourbino.com\/index.php?rest_route=\/wp\/v2\/users\/1"}],"replies":[{"embeddable":true,"href":"https:\/\/www.pesarourbino.com\/index.php?rest_route=%2Fwp%2Fv2%2Fcomments&post=29"}],"version-history":[{"count":3,"href":"https:\/\/www.pesarourbino.com\/index.php?rest_route=\/wp\/v2\/pages\/29\/revisions"}],"predecessor-version":[{"id":149,"href":"https:\/\/www.pesarourbino.com\/index.php?rest_route=\/wp\/v2\/pages\/29\/revisions\/149"}],"wp:attachment":[{"href":"https:\/\/www.pesarourbino.com\/index.php?rest_route=%2Fwp%2Fv2%2Fmedia&parent=29"}],"curies":[{"name":"wp","href":"https:\/\/api.w.org\/{rel}","templated":true}]}}